{"id":11,"date":"2021-02-25T23:38:38","date_gmt":"2021-02-26T02:38:38","guid":{"rendered":"http:\/\/educabahia.ba.gov.br\/?page_id=11"},"modified":"2022-07-01T09:17:21","modified_gmt":"2022-07-01T12:17:21","slug":"programacao","status":"publish","type":"page","link":"http:\/\/educabahia.ba.gov.br\/index.php\/programacao\/","title":{"rendered":"Programa\u00e7\u00e3o"},"content":{"rendered":"<p>[vc_row][vc_column width=&#8221;5\/12&#8243;][vc_text_separator title=&#8221;Programa\u00e7\u00e3o Especial&#8221; title_align=&#8221;separator_align_left&#8221; align=&#8221;align_left&#8221; el_class=&#8221;tituloprogramacao&#8221;][vc_column_text]Segunda a sexta:<\/p>\n<p>Aulas EMITEC<\/p>\n<p>1\u00ba Ano &#8211; 7h30 \u00e0s 12h<br \/>\n2\u00ba Ano &#8211; 13h \u00e0s 18h<br \/>\n3\u00ba Ano &#8211; 18h30 \u00e0s 22h[\/vc_column_text][\/vc_column][vc_column width=&#8221;1\/2&#8243;][vc_text_separator title=&#8221;Programa\u00e7\u00e3o Di\u00e1ria&#8221; title_align=&#8221;separator_align_left&#8221; align=&#8221;align_left&#8221; el_class=&#8221;tituloprogramacao&#8221;][vc_column_text]<img decoding=\"async\" class=\"img-fluid\" src=\"https:\/\/www.futura.org.br\/wp-content\/themes\/futura2020\/assets\/images\/logo-futura.png\" alt=\"\" \/><\/p>\n<p><strong>Canal Futura<\/strong><\/p>\n<p>Segunda a sexta &#8211; 22h \u00e0s 8h<\/p>\n<p>S\u00e1bado, domingo e feriados &#8211; Per\u00edodo Integral<\/p>\n<p>Confira aqui: <a href=\"https:\/\/www.futura.org.br\/programacao\/\">https:\/\/www.futura.org.br\/programacao\/<\/a>[\/vc_column_text][\/vc_column][\/vc_row]<\/p>\n","protected":false},"excerpt":{"rendered":"<p>[vc_row][vc_column width=&#8221;5\/12&#8243;][vc_text_separator title=&#8221;Programa\u00e7\u00e3o Especial&#8221; title_align=&#8221;separator_align_left&#8221; align=&#8221;align_left&#8221; el_class=&#8221;tituloprogramacao&#8221;][vc_column_text]Segunda a sexta: Aulas EMITEC 1\u00ba Ano &#8211; 7h30 \u00e0s 12h 2\u00ba Ano &#8211; 13h \u00e0s 18h 3\u00ba Ano &#8211; 18h30 \u00e0s 22h[\/vc_column_text][\/vc_column][vc_column width=&#8221;1\/2&#8243;][vc_text_separator<\/p>\n","protected":false},"author":1,"featured_media":0,"parent":0,"menu_order":0,"comment_status":"closed","ping_status":"closed","template":"","meta":{"footnotes":""},"class_list":{"1":"page","2":"type-page","3":"status-publish","4":"hentry"},"_links":{"self":[{"href":"http:\/\/educabahia.ba.gov.br\/index.php\/wp-json\/wp\/v2\/pages\/11","targetHints":{"allow":["GET"]}}],"collection":[{"href":"http:\/\/educabahia.ba.gov.br\/index.php\/wp-json\/wp\/v2\/pages"}],"about":[{"href":"http:\/\/educabahia.ba.gov.br\/index.php\/wp-json\/wp\/v2\/types\/page"}],"author":[{"embeddable":true,"href":"http:\/\/educabahia.ba.gov.br\/index.php\/wp-json\/wp\/v2\/users\/1"}],"replies":[{"embeddable":true,"href":"http:\/\/educabahia.ba.gov.br\/index.php\/wp-json\/wp\/v2\/comments?post=11"}],"version-history":[{"count":184,"href":"http:\/\/educabahia.ba.gov.br\/index.php\/wp-json\/wp\/v2\/pages\/11\/revisions"}],"predecessor-version":[{"id":1709,"href":"http:\/\/educabahia.ba.gov.br\/index.php\/wp-json\/wp\/v2\/pages\/11\/revisions\/1709"}],"wp:attachment":[{"href":"http:\/\/educabahia.ba.gov.br\/index.php\/wp-json\/wp\/v2\/media?parent=11"}],"curies":[{"name":"wp","href":"https:\/\/api.w.org\/{rel}","templated":true}]}}